41. Is z a composite number?
True
Suppose -5*t - 5*c = -11640, 2*c + 11668 = 5*t - 0*c. Suppose 0 = 3*i - 1787 - t. Is i a composite number?
False
Is -833473*14/84*-6 a composite number?
True
Let d = 340 + -340. Is 4*3246/(-72)*(-51 + d) prime?
False
Let u(h) be the third derivative of -7*h**4/12 + 47*h**3/6 - 21*h**2. Let m be u(14). Let z = m + 622. Is z a composite number?
True
Suppose 0 = -3*k - 19*k - 132. Is (-1)/(((-9)/10494)/((-3)/k)) prime?
False
Let o(z) = -z**3 + 32*z**2 + 46*z + 17. Is o(26) composite?
True
Suppose -5*n + 0*v = -5*v - 10, 4*v - 22 = -2*n. Suppose n*j = 4*y - 8911, -5 = 3*j - 20. Is y a composite number?
True
Let u(p) = -p**3 + p**2 + 16*p - 6. Let h be u(4). Suppose 57132 = h*f - 23098. Is f a prime number?
False
Suppose 16*i + 2*i = -11*i + 36192667. Is i prime?
False
Let l(i) = -7*i - 2. Let w be l(-1). Suppose w*b - 3*b = 106. Suppose 0 = c - b - 342. Is c composite?
True
Suppose 0 = -w + f + 111914, 447686 = -125*w + 129*w + 2*f. Is w a prime number?
True
Suppose 2*y = 2*o - 3934, -2*o - 3*o + 3*y + 9843 = 0. Suppose 10165 = 3*r + 2*f, 2*r - 4810 = 3*f + o. Is r composite?
False
Suppose 0 = -43*h + 115*h - 308808. Is h prime?
True
Suppose -4*r + 2*r = -30. Let c = -13 + r. Suppose -1407 = -c*n - 5*n. Is n composite?
True
Let n(p) = -101*p - 17*p**2 - 36 - 13*p**2 + 13*p**2. Let a(u) = -4*u**2 - 25*u - 9. Let m(t) = -9*a(t) + 2*n(t). Is m(16) a composite number?
True
Is 36906 + 0 + 58 + -51 a prime number?
True
Let q(i) = -i**2 + i + 23. Let l be q(-4). Suppose 7313 = l*o + 4*g - 6*g, 4*g - 2433 = -o. Is o a composite number?
False
Let x(i) = 189*i**2 - 68*i - 374. Is x(-7) a composite number?
True
Let t(y) = y + 8. Let w be t(0). Is 41967/18*(w - 6) a prime number?
True
Is 8*1 + 12524 + -17 a composite number?
True
Let r(f) = 18*f + 46. Let b be r(0). Suppose 39*x = b*x - 69601. Is x a composite number?
True
Is -9*(0 - 1) - (-7868 - -60) composite?
False
Suppose 5*o + 5*i - 517165 = 0, -4*i + 103391 = o - 9*i. Is o composite?
True
Suppose 0 = 106*d - 49*d - 39163617. Is d composite?
True
Suppose 30*r - 634390 = 173240. Is r a prime number?
True
Let g = -227 + 347. Suppose 664 + g = t. Let j = 1215 - t. Is j composite?
False
Suppose -11437*g - 2755773 = -11446*g. Is g prime?
False
Suppose -20*m + 16*m = -196. Let z be (-12500)/(-7) + 14/m. Is (-1)/(-12)*-3 - z/(-8) prime?
True
Is 3/(-27) + (-4781472)/(-864) a composite number?
True
Let z be (-4)/16 - (-29651)/(-4). Let q = -2284 - z. Is q composite?
True
Let x(n) be the second derivative of -219*n**5/20 + n**4/12 - n**3/6 - n**2 - 7*n. Let c be x(-1). Is (10/15 + 0)*(c - 0) prime?
False
Suppose -7*p + 22 - 8 = 0. Suppose -3*m = -p*m + 4*c - 26, -5*m + 46 = -c. Suppose -1009 = -3*o - z, m*o - 4*z = 7*o + 1019. Is o a prime number?
True
Let l(i) = -i**2 - 31*i - 43. Let n be l(18). Let r = 1922 + n. Is r a composite number?
False
Let j(l) = -l**3 - 31*l**2 - 12*l - 98. Is j(-36) a prime number?
False
Suppose 5*i - 6*i = -6. Suppose -i*h = 5*h + 22055. Let o = h - -11538. Is o prime?
True
Suppose 0 = 79*z + 2029319 - 883367 - 27183325. Is z composite?
False
Suppose -87 = -2*s + t, 5*t = s - 50 - 16. Suppose -33*k + 3002 = 46*k. Suppose -s*r + k*r = -9897. Is r prime?
True
Let h(x) = 50*x - 4. Let i be h(-3). Let b be (150/(-20))/(-15)*(-228)/(-2). Let t = b - i. Is t composite?
False
Suppose -3*c + q + 167525 = 0, -2 = 2*q - q. Is c a composite number?
True
Suppose 110*c - 57766930 = -212*c - 2175884. Is c composite?
False
Suppose -n - 3*g - 16 = 0, 0 = -2*n + 5*g - 0*g + 23. Let u(w) = 290*w**3 - 5*w + 2. Let z(l) = -l + 1. Let x(k) = -u(k) + 4*z(k). Is x(n) a composite number?
True
Let q(r) = 2*r - 12 + 33 - 1. Let n be q(-7). Is 758*n/(-8)*(-4)/6 composite?
False
Let v(j) = -j**2 - 16*j + 15. Let l be v(-17). Let i be -1 - -4 - (-8 + 2). Is (l - (-1736)/(-6))/((-6)/i) prime?
False
Let c(m) be the third derivative of 9235*m**4/24 + 113*m**3/6 + 24*m**2 + 3*m. Is c(2) a prime number?
True
Let d = -32 - -32. Suppose d = 4*s + 166 - 794. Suppose -5*j = t - 1768, 187 = j - 3*t - s. Is j a composite number?
False
Suppose 25 - 205 = 20*v. Let s(x) = 384*x**2 + 2*x + 5. Is s(v) composite?
False
Let d = -100 + 350. Suppose 4*k - d = 6*k. Let l = k + 211. Is l a composite number?
True
Suppose -p = -86*s + 87*s - 7813, -2*p - 3*s = -15622. Is p a prime number?
True
Suppose -4*x + 4*t = -135208, -4*x + 0*x - 4*t + 135184 = 0. Suppose -5*r + 3*y = -x, 2*r = 28*y - 33*y + 13532. Is r a composite number?
False
Suppose 2*v - 4*l = 141334, -39 = 3*l - 30. Is v a prime number?
False
Let i(g) = -g**2 + 259. Suppose -15 - 25 = 8*y. Let z be -1 - 1 - (3 + y). Is i(z) prime?
False
Let v(x) = 95*x**2 + 2*x + 1. Suppose -2*k - 4*t + 12 = 0, -3*k + 0*k + t + 4 = 0. Suppose -2*a = k*a + 4*r + 4, -a - 2*r = 0. Is v(a) a prime number?
False
Let f = -147 - -73. Let s be 1/(-2)*f - -3. Suppose s*h - 39*h - 127 = 0. Is h a composite number?
False
Let n(c) be the second derivative of c**4/2 + 17*c**3/6 + 24*c**2 - 22*c. Is n(-9) a composite number?
True
Let v(z) = z - 9. Let h be v(7). Let q = h - -7. Suppose 0 = q*b - 3330 + 1285. Is b a composite number?
False
Let s(j) = 175*j**3 - 3*j**2 + 2*j + 1. Let h be 1/(5 + (-130)/25). Let r be (-25)/(-15) - ((-5)/(-3))/h. Is s(r) prime?
False
Let p be (8 + 2/1)/((-3)/(-6)). Suppose -16*f - 7016 = -p*f. Is f a composite number?
True
Let m be (-10 - 68/(-6)) + (-8476)/3. Let t = m - -6213. Is t prime?
True
Suppose 0 = -5*p + 2*x + 5622, p + 2236 = 3*p - 4*x. Let v = -669 + p. Suppose 3*w - 632 = -l, 3*l - 2368 = -4*w - v. Is l prime?
True
Suppose 2*p - 3*w - 85306 = 0, 3*p - 87539 - 40420 = -5*w. Suppose -286661 = -24*l - p. Is l a prime number?
False
Let j(t) = 135*t**3 + 10*t**2 - 10*t - 12. Let u be j(6). Suppose -u = -16*w + 31976. Is w composite?
True
Let l be 61/3 - 10/30. Let g be ((-10)/(-8))/(5/l). Suppose -3*m - g*m + 272 = 0. Is m a prime number?
False
Suppose 2*i - 7 = -4*h - h, -h + 75 = 5*i. Let d(k) = 4*k**2 - 6*k - 3. Let n be d(i). Suppose 3*l + l - n = -3*t, 616 = 2*t + 2*l. Is t a prime number?
True
Let u(r) = -r**3 + 6*r**2 + 12*r - 24. Let d be u(7). Suppose -23638 = -d*n + 22023. Is n a composite number?
True
Is (-2)/8 - (-22149270)/312 prime?
True
Let v = -93226 - -168573. Is v prime?
True
Is (9/(-6))/((-111)/478706) composite?
False
Suppose -74*m - 1295605 - 676675 = -114*m. Is m prime?
True
Let l = 13502 + -9123. Suppose -4*y + l - 1455 = 0. Suppose 0 = -f + 938 + y. Is f a composite number?
False
Let c(t) = -2*t + 24. Let k be c(12). Suppose -b + 54 + 103 = k. Suppose -j - 6*m = -2*m - 89, m = -2*j + b. Is j a composite number?
True
Is 1651836/(-8)*(-720)/160*12/27 composite?
True
Suppose 7*n + 17*n - 2777868 = 4203564. Is n prime?
False
Let r be (-70)/350 + (-20911)/(-5) + -1. Suppose 0 = -4*w + 3075 + r. Is w composite?
True
Is 1414170/3 - (-20 + 31 + -10) a prime number?
True
Let s = 3417 + 1038. Let j(y) = 18*y - 76. Let w be j(4). Is 7/(35/s) + w composite?
False
Is -26*(40983/(-6))/19 a composite number?
True
Let s = 1712 + 2356. Suppose 18*d + 39536 = 2*d. Let r = d + s. Is r a composite number?
False
Suppose 0 = -9*g + 35*g - 3471962. Is g prime?
False
Is (-36)/6*(139980788/(-306))/((-8)/(-6)) prime?
True
Let i(m) = -36*m + 8. Let o be i(-3). Suppose 2462 = s + s + 4*z, z = s - 1231. Let p = o + s. Is p prime?
False
Let t = 43154 - 23095. Is t a composite number?
True
Suppose p + 8 = 4*s, s - 44 = -p - 4*p. Let z be ((p/(-3))/2)/(8/(-12)). Suppose -z*t = -446 - 156. Is t composite?
True
Suppose -8*t = -t - 126. Let c be 2/9 - (-110444)/t. Is c/(-3 + 7)*1/2 a prime number?
False
Suppose 0 = q + 5590 - 14226. Let y be (3 + -2)*(0/3 + 12). Is y/(-20) - q/(-10) a composite number?
False
Let m(i) be the third derivative of -i**4/4 + 509*i**3/2 + 14*i**2. Is m(0) prime?
False
Let y = -3678 + 5680. Let n = 981 + y. Is n a composite number?
True
Suppose 7*s = -4*y + 54405, -64*y + 66*y - 38859 = -5*s. Is s prime?
False
Let t(o) = -226*o**3 + 5*o**2 + 35*o + 212. Is t(-6) composite?
True
Suppose -2*s + 31 = 27. Suppose -5 + s = p. Is 7733/38*(-1 - p) composite?
True
Suppose -o + 0*o - 6 = 0. Let r be ((-9)/o + -2)*2. Let g(l) = 333*l**2 - 3*l - 1. Is g(r) a prime number?
False
Let z = -45484 - -66405. Is z composite?
Fals